 2659. Give y(-1).
-536
Let r(v) = -507*v**2 - 16*v - 23. Calculate r(-1).
-514
Let i(g) = -g**3 - 35*g**2 + 315*g - 23. Give i(-43).
1224
Let i(m) = -7512*m + 4574807. Give i(609).
-1
Let m(y) = 61*y**3 + 244*y**2 - 58*y - 212. Give m(-4).
20
Let y(c) = -c**3 - 189*c**2 - 5985*c + 7937. What is y(-42)?
-1
Let g(y) = 232393*y - 1161978. Calculate g(5).
-13
Let q(u) = 2*u**3 - 147*u**2 + 993*u - 226. What is q(66)?
-28
Let h(j) = 1379*j - 919809. Determine h(667).
-16
Let n(d) = 561089*d - 3927633. What is n(7)?
-10
Let l(h) = -7153*h**2 + 99965*h + 2480. Calculate l(14).
2
Let n(l) = -l**3 + 123*l**2 - 1112*l - 11. Give n(10).
169
Let t(f) = -264*f**2 + 426*f + 230. What is t(2)?
26
Let f(s) = -63*s**2 + 159*s - 90. What is f(2)?
-24
Let c(m) = 3*m**3 + 165*m**2 - 17*m + 204. Give c(-55).
1139
Let v(z) = -z**3 - 35*z**2 + 5*z + 2408. What is v(-33)?
65
Let b(k) = -k**3 - 209*k**2 + 12*k - 1592. Give b(-209).
-4100
Let z(t) = 1222161*t - 26887548. What is z(22)?
-6
Let i(q) = 65548*q - 196777. Determine i(3).
-133
Let a(l) = -l**3 - 10*l**2 + 240*l + 30. Calculate a(-21).
-159
Let r(y) = -y**3 + 263*y**2 + 118*y - 31034. Calculate r(263).
0
Let j(v) = 96*v**2 - 393*v + 37. Determine j(4).
1
Let d(y) = 34143*y - 443860. Determine d(13).
-1
Let q(k) = 3*k**2 - 146*k + 9. Give q(50).
209
Let a(r) = -173*r**2 - 250*r - 489. Determine a(-2).
-681
Let n(j) = -2*j**3 + 87*j**2 - 44*j + 76. Calculate n(43).
33
Let x(h) = -h**3 - 202*h**2 - 2661*h - 5467. Determine x(-188).
-15
Let z(x) = -31*x**2 - 5884*x + 7129. Give z(-191).
62
Let g(i) = i**2 - 480*i - 53976. Determine g(-96).
1320
Let g(j) = 25*j**2 + 653*j - 31. Determine g(-29).
2057
Let c(w) = -1340*w - 604272. Give c(-451).
68
Let m(u) = -5*u - 98. What is m(-2)?
-88
Let b(d) = -798*d**2 - 3177*d + 11. What is b(-4)?
-49
Let b(n) = -n**3 - 70*n**2 - 62*n - 284. Give b(-69).
-767
Let c(z) = 235*z + 1637. Give c(-7).
-8
Let u(v) = 678*v + 1151. Determine u(-1).
473
Let k(g) = -33*g**2 + 2048*g - 26158. What is k(18)?
14
Let u(j) = 2246*j - 53894. Give u(24).
10
Let d(s) = 7*s**3 + 406*s**2 + 355*s + 20581. Determine d(-58).
-9
Let a(r) = -6*r**2 + 77133*r - 1155653. What is a(15)?
-8
Let g(v) = -26*v**3 + 1473*v**2 - 948*v - 220. Determine g(56).
4
Let b(m) = -51*m**2 + 226*m + 2083. Give b(9).
-14
Let m(c) = 220*c - 12926. Determine m(58).
-166
Let c(r) = -82899*r - 1409465. Determine c(-17).
-182
Let l(c) = -1608*c**3 - 152*c**2 - 146*c + 5. Give l(-1).
1607
Let j(x) = 10*x**3 + 610*x**2 - 125*x - 7684. What is j(-61)?
-59
Let s(y) = -5*y**3 - 287*y**2 + 176*y + 7. Calculate s(-58).
-109
Let d(f) = f**3 + 19*f**2 + 162*f + 2889. Calculate d(-16).
1065
Let u(c) = -c**2 - 552*c - 8470. What is u(-15)?
-415
Let h(t) = -251*t - 553. Give h(-1).
-302
Let s(u) = u**3 - 122*u**2 + 3091*u + 181. Give s(36).
1
Let d(k) = -39*k**2 + 278*k - 549. Calculate d(2).
-149
Let m(b) = 3*b**2 - 1277*b - 65073. Give m(-46).
17
Let c(u) = -6*u**3 + 3*u**2 - 506*u + 1001. Give c(2).
-47
Let o(l) = -2*l**3 - 20*l**2 - 204*l - 593. Give o(-4).
31
Let p(s) = -16*s**2 + 45*s + 856. Determine p(-7).
-243
Let t(a) = 3*a**2 - 3751*a + 449741. Give t(1116).
-7
Let q(m) = -5*m**3 - 796*m**2 - 941*m + 1106. What is q(-158)?
0
Let b(a) = -2*a**2 + 19742*a + 158065. What is b(-8)?
1
Let h(o) = -5*o**2 + 2*o - 65. What is h(-6)?
-257
Let x(m) = 5436*m - 83647. Give x(15).
-2107
Let i(w) = -2*w**2 + 410*w + 42523. Determine i(279).
1231
Let h(x) = -5492*x - 32905. What is h(-6)?
47
Let u(g) = -2*g**3 + 192*g**2 + 812*g - 1183. Calculate u(100).
17
Let x(s) = -61*s - 2366. Determine x(-57).
1111
Let j(f) = -83*f**2 + 560*f - 382. Give j(6).
-10
Let l(o) = -27*o**2 - 235*o - 109. Calculate l(-8).
43
Let j(r) = -1693*r - 9886. Determine j(-6).
272
Let g(r) = r**3 - 11*r**2 + 2809*r - 49481. Calculate g(17).
6
Let b(g) = 5268*g + 95382. Give b(-18).
558
Let s(j) = 3*j**2 + 94*j - 763. What is s(9)?
326
Let c(o) = -16*o**3 + 294*o**2 + 517*o + 154. Determine c(20).
94
Let f(h) = -13*h**2 + 1430*h + 7386. Calculate f(115).
-89
Let d(k) = -180*k**3 + 3*k**2 - 3*k - 1. Determine d(1).
-181
Let c(t) = t**3 - 102*t**2 - 7605*t - 82. Determine c(-50).
168
Let u(z) = z**3 + 361*z**2 + 3053*z + 708470. Give u(-358).
-12
Let y(u) = u**3 - 104*u**2 + 657*u + 846. Calculate y(97).
-1288
Let o(u) = -9*u**2 - 2178*u + 17987. Give o(-250).
-13
Let l(v) = 74*v**3 + 14950*v**2 + 410*v + 232. Calculate l(-202).
-980
Let r(w) = -w**2 - 69227*w - 10912896. Give r(-158).
6
Let k(d) = d**3 - 17*d**2 + 71*d - 83. What is k(4)?
-7
Let i(h) = 9*h**2 + 310*h + 3500. Calculate i(-11).
1179
Let a(h) = -h**2 + 23*h - 276. Give a(33).
-606
Let p(z) = 22*z**2 - 55*z + 248. Determine p(5).
523
Let m(i) = 10*i**2 + 863*i - 5259. What is m(-92)?
-15
Let k(m) = -2*m**2 + 75725*m - 4007814. Determine k(53).
-7
Let t(c) = -25*c**2 - 102*c + 225. What is t(2)?
-79
Let l(f) = 45106*f - 5548036. What is l(123)?
2
Let a(i) = 11*i**2 - 3*i - 33444. What is a(-55)?
-4
Let y(n) = 82*n - 1968. What is y(32)?
656
Let b(j) = j**3 - 2922*j**2 - 7*j + 51. Give b(0).
51
Let y(v) = 927963*v - 5567774. What is y(6)?
4
Let s(u) = u**2 + 27*u + 1220. Give s(-31).
1344
Let s(b) = -2*b**3 + 8*b**2 + 67*b - 218. Give s(7).
-43
Let r(o) = 37*o**3 - 964*o**2 + 14*o + 993. Calculate r(26).
5
Let z(s) = -462*s - 40695. Give z(-88).
-39
Let j(q) = 17816*q + 51. What is j(0)?
51
Let h(v) = 6560*v + 124660. Determine h(-19).
20
Let l(g) = -g**3 + 53*g**2 - 3150*g + 130073. What is l(46)?
-15
Let m(x) = -6*x**2 - 127*x - 433. Calculate m(-18).
-91
Let z(g) = 2*g**2 - 114*g - 8120. Calculate z(-41).
-84
Let b(x) = 41*x**3 + 2175*x**2 + 111*x + 189. Calculate b(-53).
-76
Let c(f) = 91*f**3 - 9*f**2 - 63*f + 158. What is c(2)?
724
Let q(i) = -i**3 - 4*i**2 + 2916*i + 11668. Give q(-4).
4
Let f(m) = m**2 + 577*m - 33365. Give f(53).
25
Let a(k) = k**3 - 64*k**2 - 4214*k + 20293. Determine a(103).
2
Let b(m) = -m**3 + 5*m**2 + 115*m - 697. Give b(8).
31
Let l(u) = -6*u**2 + 594*u + 11872. What is l(-18)?
-764
Let o(b) = -2*b**2 - 42*b - 278. What is o(-17)?
-142
Let x(j) = 3*j**3 - j**2 + 121*j - 328. Determine x(3).
107
Let b(w) = -4*w**2 + 15*w + 1440. Calculate b(21).
-9
Let n(r) = 5*r**3 + 3235*r**2 - 3226*r + 8938. What is n(-648)?
-134
Let g(t) = -34*t**3 + 313*t**2 + 2423*t + 30. Determine g(-5).
-10
Let h(x) = -7192*x - 4171364. What is h(-580)?
-4
Let f(k) = 14*k**2 + 190*k - 76. Determine f(-14).
8
Let s(c) = -2*c**2 - 126*c + 53. Give s(0).
53
Let h(i) = -i**3 + 735*i**2 - 6002*i + 135225. Give h(727).
3
Let o(k) = -1420852*k - 7104270. What is o(-5)?
-10
Let j(f) = 6339*f - 291582. Give j(46).
12
Let x(i) = -i**3 + 63*i**2 + 3303*i + 14816. Give x(-5).
1
Let p(r) = 7289*r + 7904. Determine p(-1).
615
Let t(w) = -w**3 + 66*w**2 - 969*w - 195. What is t(45)?
-1275
Let t(g) = -2*g**3 - 131*g**2 + 188*g + 5819. What is t(-66)?
-2233
Let q(b) = 2*b**3 + 1399*b**2 - 13399*b + 51049. Calculate q(-709).
1
Let v(m) = 3*m**3 - m**2 + m + 371. Calculate v(0).
371
Let w(n) = -170*n - 8469. What is w(-54)?
711
Let s(n) = -1211*n + 273715. What is s(226)?
29
Let f(t) = 1977*t - 31247. Determine f(16).
385
Let c(w) = -15*w**2 - 3517*w + 1879. Give c(-235).
-1
Let r(y) = 3*y**2 - 850*y + 4283. Give r(5).
108
Let c(l) = 580*l**2 - 273*l + 9. Give c(1).
316
Let a(i) = -1103*i**2 - 15190*i + 15189. Determine a(1).
-1104
Let i(b) = b**3 + 60*b - 690. What is i(-16)?
-5746
Let o(p) = p**2 + p - 16. Give o(8).
56
Let k(f) = 3*f**3 + 524*f**2 - 1055*f - 5. Give k(2).
5
Let v(r) = -1658*r + 6447. Calculate v(4).
-185
Let k(r) = -r**3 + 119*r**2 + 311*r + 6974. Determine k(122).
264
Let m(s) = 1867*s - 263241. What is m(141)?
6
Let h(a) = 33*a**2 + 6259*a + 64853. Determine h(-11).
-3
Let d(n) = 37245*n + 595784. Determine d(-16).
-136
Let l(c) = 2*c**2 - 71415*c - 214240. Give l(-3).
23
Let a(v) = -23309*v - 24182. What is a(-1)?
-873
Let v(p) = -2*p**3 - 29*p**2 - 118*p - 154. Determine v(-8).
-42
Let v(g) = -g**3 + 83*g**2 + 248*g - 43. What is v(-3)?
-13
Let x(k) = k**2 - 163*k - 649. Calculate x(-4).
19
Let b(d) = 11*d - 1389. Calculate b(136).
107
Let d(k) = k**2 - 494158*k + 3953208. Determine d(8).
8
Let v(w) = w**3 - 54*w**2 + 622*w - 37251. What is v(55)?
-16
Let h(x) = 15196*x - 9895. What is h(1)?
